{"id":4290,"date":"2014-08-12T12:34:43","date_gmt":"2014-08-12T15:34:43","guid":{"rendered":"http:\/\/www.fesprosa.com.ar\/portal\/?page_id=4290"},"modified":"2025-07-25T17:10:31","modified_gmt":"2025-07-25T17:10:31","slug":"legislacion-normas-y-resoluciones","status":"publish","type":"page","link":"https:\/\/fesprosa.org.ar\/portal\/legislacion-normas-y-resoluciones\/","title":{"rendered":"LEGISLACI\u00d3N, NORMAS Y RESOLUCIONES"},"content":{"rendered":"<p>Gu\u00eda de las normas internacionales del trabajo<\/p>\n<p style=\"text-align: center;\">DOCUMENTO<br \/><a href=\"http:\/\/fesprosa.org.ar\/portal\/wp-content\/uploads\/2014\/08\/Guia_sobre_las_NIT2.pdf\"><img loading=\"lazy\" decoding=\"async\" class=\"aligncenter size-full wp-image-4228\" src=\"http:\/\/fesprosa.org.ar\/portal\/wp-content\/uploads\/2014\/08\/btn-descarga-0111.png\" alt=\"btn-descarga-01\" width=\"868\" height=\"72\" srcset=\"https:\/\/fesprosa.org.ar\/portal\/wp-content\/uploads\/2014\/08\/btn-descarga-0111.png 868w, https:\/\/fesprosa.org.ar\/portal\/wp-content\/uploads\/2014\/08\/btn-descarga-0111-300x25.png 300w, https:\/\/fesprosa.org.ar\/portal\/wp-content\/uploads\/2014\/08\/btn-descarga-0111-500x41.png 500w\" sizes=\"auto, (max-width: 868px) 100vw, 868px\" \/><\/a><\/p>\n<p>Ley de comit\u00e9s de salud<\/p>\n<p style=\"text-align: center;\">DOCUMENTO<br \/><a href=\"http:\/\/fesprosa.org.ar\/portal\/wp-content\/uploads\/2014\/08\/LEY-DE-COMIT\u00c9S-DE-SALUD1.pdf\"><img loading=\"lazy\" decoding=\"async\" class=\"aligncenter size-full wp-image-4228\" src=\"http:\/\/fesprosa.org.ar\/portal\/wp-content\/uploads\/2014\/08\/btn-descarga-0111.png\" alt=\"btn-descarga-01\" width=\"868\" height=\"72\" srcset=\"https:\/\/fesprosa.org.ar\/portal\/wp-content\/uploads\/2014\/08\/btn-descarga-0111.png 868w, https:\/\/fesprosa.org.ar\/portal\/wp-content\/uploads\/2014\/08\/btn-descarga-0111-300x25.png 300w, https:\/\/fesprosa.org.ar\/portal\/wp-content\/uploads\/2014\/08\/btn-descarga-0111-500x41.png 500w\" sizes=\"auto, (max-width: 868px) 100vw, 868px\" \/><\/a><\/p>\n<p>Ley Violencia Laboral N\u00ba 12434<\/p>\n<p style=\"text-align: center;\">DOCUMENTO<br \/><a href=\"http:\/\/fesprosa.org.ar\/portal\/wp-content\/uploads\/2014\/08\/ley-violencia-laboral-N\u00ba-124341.pdf\"><img loading=\"lazy\" decoding=\"async\" class=\"aligncenter size-full wp-image-4228\" src=\"http:\/\/fesprosa.org.ar\/portal\/wp-content\/uploads\/2014\/08\/btn-descarga-0111.png\" alt=\"btn-descarga-01\" width=\"868\" height=\"72\" srcset=\"https:\/\/fesprosa.org.ar\/portal\/wp-content\/uploads\/2014\/08\/btn-descarga-0111.png 868w, https:\/\/fesprosa.org.ar\/portal\/wp-content\/uploads\/2014\/08\/btn-descarga-0111-300x25.png 300w, https:\/\/fesprosa.org.ar\/portal\/wp-content\/uploads\/2014\/08\/btn-descarga-0111-500x41.png 500w\" sizes=\"auto, (max-width: 868px) 100vw, 868px\" \/><\/a><\/p>\n<p>Los derechos sindicales y su relaci\u00f3n las libertades civiles<\/p>\n<p style=\"text-align: center;\">DOCUMENTO<br \/><a href=\"http:\/\/fesprosa.org.ar\/portal\/wp-content\/uploads\/2014\/08\/Los_derechos_sindicales_y_las_libertades_civiles1.pdf\"><img loading=\"lazy\" decoding=\"async\" class=\"aligncenter size-full wp-image-4228\" src=\"http:\/\/fesprosa.org.ar\/portal\/wp-content\/uploads\/2014\/08\/btn-descarga-0111.png\" alt=\"btn-descarga-01\" width=\"868\" height=\"72\" srcset=\"https:\/\/fesprosa.org.ar\/portal\/wp-content\/uploads\/2014\/08\/btn-descarga-0111.png 868w, https:\/\/fesprosa.org.ar\/portal\/wp-content\/uploads\/2014\/08\/btn-descarga-0111-300x25.png 300w, https:\/\/fesprosa.org.ar\/portal\/wp-content\/uploads\/2014\/08\/btn-descarga-0111-500x41.png 500w\" sizes=\"auto, (max-width: 868px) 100vw, 868px\" \/><\/a><\/p>\n<p>Promoci\u00f3n de la salud y seguridad laboral<\/p>\n<p style=\"text-align: center;\">DOCUMENTO<br \/><a href=\"http:\/\/fesprosa.org.ar\/portal\/wp-content\/uploads\/2014\/08\/Normativas-de-promoci\u00f3n-de-la-salud-y-seguridad-laboral1.pdf\"><img loading=\"lazy\" decoding=\"async\" class=\"aligncenter size-full wp-image-4228\" src=\"http:\/\/fesprosa.org.ar\/portal\/wp-content\/uploads\/2014\/08\/btn-descarga-0111.png\" alt=\"btn-descarga-01\" width=\"868\" height=\"72\" srcset=\"https:\/\/fesprosa.org.ar\/portal\/wp-content\/uploads\/2014\/08\/btn-descarga-0111.png 868w, https:\/\/fesprosa.org.ar\/portal\/wp-content\/uploads\/2014\/08\/btn-descarga-0111-300x25.png 300w, https:\/\/fesprosa.org.ar\/portal\/wp-content\/uploads\/2014\/08\/btn-descarga-0111-500x41.png 500w\" sizes=\"auto, (max-width: 868px) 100vw, 868px\" \/><\/a><\/p>\n<p>Resoluci\u00f3n tripartitismo 2002<\/p>\n<p style=\"text-align: center;\">DOCUMENTO<br \/><a href=\"http:\/\/fesprosa.org.ar\/portal\/wp-content\/uploads\/2014\/08\/resolucion_tripartitismo_20021.pdf\"><img loading=\"lazy\" decoding=\"async\" class=\"aligncenter size-full wp-image-4228\" src=\"http:\/\/fesprosa.org.ar\/portal\/wp-content\/uploads\/2014\/08\/btn-descarga-0111.png\" alt=\"btn-descarga-01\" width=\"868\" height=\"72\" srcset=\"https:\/\/fesprosa.org.ar\/portal\/wp-content\/uploads\/2014\/08\/btn-descarga-0111.png 868w, https:\/\/fesprosa.org.ar\/portal\/wp-content\/uploads\/2014\/08\/btn-descarga-0111-300x25.png 300w, https:\/\/fesprosa.org.ar\/portal\/wp-content\/uploads\/2014\/08\/btn-descarga-0111-500x41.png 500w\" sizes=\"auto, (max-width: 868px) 100vw, 868px\" \/><\/a><\/p>\n\n\n<p>Servicios esenciales | Normas y observaciones<\/p>\n\n\n\n<figure class=\"wp-block-image size-full\"><a href=\"https:\/\/fesprosa.org.ar\/portal\/wp-content\/uploads\/2025\/07\/Servicios-esenciales-Normas-y-Observaciones.pdf\"><img loading=\"lazy\" decoding=\"async\" width=\"861\" height=\"100\" src=\"https:\/\/fesprosa.org.ar\/portal\/wp-content\/uploads\/2025\/07\/Descargar-Documento-1.jpg\" alt=\"\" class=\"wp-image-16969\" srcset=\"https:\/\/fesprosa.org.ar\/portal\/wp-content\/uploads\/2025\/07\/Descargar-Documento-1.jpg 861w, https:\/\/fesprosa.org.ar\/portal\/wp-content\/uploads\/2025\/07\/Descargar-Documento-1-300x35.jpg 300w, https:\/\/fesprosa.org.ar\/portal\/wp-content\/uploads\/2025\/07\/Descargar-Documento-1-768x89.jpg 768w\" sizes=\"auto, (max-width: 861px) 100vw, 861px\" \/><\/a><\/figure>\n\n\n\n<p class=\"has-text-align-center\"><\/p>\n","protected":false},"excerpt":{"rendered":"<p>Gu\u00eda de las normas internacionales del trabajo DOCUMENTO Ley de comit\u00e9s de salud DOCUMENTO Ley Violencia Laboral N\u00ba 12434 DOCUMENTO Los derechos sindicales y su relaci\u00f3n las libertades civiles DOCUMENTO Promoci\u00f3n de la salud y seguridad laboral DOCUMENTO Resoluci\u00f3n tripartitismo 2002 DOCUMENTO Servicios esenciales | Normas y observaciones<\/p>\n","protected":false},"author":3,"featured_media":0,"parent":0,"menu_order":0,"comment_status":"closed","ping_status":"closed","template":"","meta":{"footnotes":""},"class_list":["post-4290","page","type-page","status-publish"],"_links":{"self":[{"href":"https:\/\/fesprosa.org.ar\/portal\/wp-json\/wp\/v2\/pages\/4290","targetHints":{"allow":["GET"]}}],"collection":[{"href":"https:\/\/fesprosa.org.ar\/portal\/wp-json\/wp\/v2\/pages"}],"about":[{"href":"https:\/\/fesprosa.org.ar\/portal\/wp-json\/wp\/v2\/types\/page"}],"author":[{"embeddable":true,"href":"https:\/\/fesprosa.org.ar\/portal\/wp-json\/wp\/v2\/users\/3"}],"replies":[{"embeddable":true,"href":"https:\/\/fesprosa.org.ar\/portal\/wp-json\/wp\/v2\/comments?post=4290"}],"version-history":[{"count":2,"href":"https:\/\/fesprosa.org.ar\/portal\/wp-json\/wp\/v2\/pages\/4290\/revisions"}],"predecessor-version":[{"id":16970,"href":"https:\/\/fesprosa.org.ar\/portal\/wp-json\/wp\/v2\/pages\/4290\/revisions\/16970"}],"wp:attachment":[{"href":"https:\/\/fesprosa.org.ar\/portal\/wp-json\/wp\/v2\/media?parent=4290"}],"curies":[{"name":"wp","href":"https:\/\/api.w.org\/{rel}","templated":true}]}}